{"id":86,"date":"2016-02-22T15:10:26","date_gmt":"2016-02-22T14:10:26","guid":{"rendered":"http:\/\/fussballtempel24.de\/boerse\/?page_id=86"},"modified":"2016-05-04T14:37:09","modified_gmt":"2016-05-04T12:37:09","slug":"start","status":"publish","type":"page","link":"https:\/\/fussballtempel24.de\/fussballboerse\/","title":{"rendered":"Start"},"content":{"rendered":"<p>Spiel\/Turnierb\u00f6rse In der Spiel\/Turnierb\u00f6rse finden Vereine aktuelle Turniere und Spiele oder\u00a0k\u00f6nnen eigene Turniere und Spiele anbieten!\u00a0Unsere Fu\u00dfballb\u00f6rse ist der perfekte Treffpunkt f\u00fcr Spieler, Trainer und Vereine. In der Spiel\/Turnierb\u00f6rse findest du aktuelle Turn <a href=\"https:\/\/fussballtempel24.de\/fussballboerse\/\" title=\"Read more on %s\" class=\"more-link\">read more<\/a><\/p>\n","protected":false},"excerpt":{"rendered":"<p>Spiel\/Turnierb\u00f6rse In der Spiel\/Turnierb\u00f6rse finden Vereine aktuelle Turniere und Spiele oder\u00a0k\u00f6nnen eigene Turniere und Spiele anbieten!\u00a0Unsere Fu\u00dfballb\u00f6rse ist der perfekte Treffpunkt f\u00fcr Spieler, Trainer und Vereine. In der Spiel\/Turnierb\u00f6rse findest du aktuelle Turn read more<\/p>\n","protected":false},"author":1,"featured_media":0,"parent":0,"menu_order":0,"comment_status":"closed","ping_status":"closed","template":"","meta":{"footnotes":""},"class_list":["post-86","page","type-page","status-publish","hentry"],"_links":{"self":[{"href":"https:\/\/fussballtempel24.de\/fussballboerse\/wp-json\/wp\/v2\/pages\/86","targetHints":{"allow":["GET"]}}],"collection":[{"href":"https:\/\/fussballtempel24.de\/fussballboerse\/wp-json\/wp\/v2\/pages"}],"about":[{"href":"https:\/\/fussballtempel24.de\/fussballboerse\/wp-json\/wp\/v2\/types\/page"}],"author":[{"embeddable":true,"href":"https:\/\/fussballtempel24.de\/fussballboerse\/wp-json\/wp\/v2\/users\/1"}],"replies":[{"embeddable":true,"href":"https:\/\/fussballtempel24.de\/fussballboerse\/wp-json\/wp\/v2\/comments?post=86"}],"version-history":[{"count":7,"href":"https:\/\/fussballtempel24.de\/fussballboerse\/wp-json\/wp\/v2\/pages\/86\/revisions"}],"predecessor-version":[{"id":817,"href":"https:\/\/fussballtempel24.de\/fussballboerse\/wp-json\/wp\/v2\/pages\/86\/revisions\/817"}],"wp:attachment":[{"href":"https:\/\/fussballtempel24.de\/fussballboerse\/wp-json\/wp\/v2\/media?parent=86"}],"curies":[{"name":"wp","href":"https:\/\/api.w.org\/{rel}","templated":true}]}}