{"id":548,"date":"2016-03-11T12:12:27","date_gmt":"2016-03-11T11:12:27","guid":{"rendered":"http:\/\/fussballtempel24.de\/boerse\/?page_id=548"},"modified":"2016-05-04T17:53:44","modified_gmt":"2016-05-04T15:53:44","slug":"nutzungsbedingungen","status":"publish","type":"page","link":"https:\/\/fussballtempel24.de\/fussballboerse\/nutzungsbedingungen\/","title":{"rendered":"Nutzungsbedingungen"},"content":{"rendered":"<p>Nutzungsbedingungen der Fussballb\u00f6rse \u201efussballtempel24.de\/fussballboerse\u201c \u00a7 1 Haftung Die Betreiber \u00fcbernehmen keinerlei Gew\u00e4hr f\u00fcr die Richtigkeit der enthaltenen Informationen, die Verf\u00fcgbarkeit der Dienste, den Verlust von auf fussballtempel24.de abgespeicherten Dat <a href=\"https:\/\/fussballtempel24.de\/fussballboerse\/nutzungsbedingungen\/\" title=\"Read more on %s\" class=\"more-link\">read more<\/a><\/p>\n","protected":false},"excerpt":{"rendered":"<p>Nutzungsbedingungen der Fussballb\u00f6rse \u201efussballtempel24.de\/fussballboerse\u201c \u00a7 1 Haftung Die Betreiber \u00fcbernehmen keinerlei Gew\u00e4hr f\u00fcr die Richtigkeit der enthaltenen Informationen, die Verf\u00fcgbarkeit der Dienste, den Verlust von auf fussballtempel24.de abgespeicherten Dat read more<\/p>\n","protected":false},"author":1,"featured_media":0,"parent":0,"menu_order":0,"comment_status":"closed","ping_status":"closed","template":"","meta":{"footnotes":""},"class_list":["post-548","page","type-page","status-publish","hentry"],"_links":{"self":[{"href":"https:\/\/fussballtempel24.de\/fussballboerse\/wp-json\/wp\/v2\/pages\/548","targetHints":{"allow":["GET"]}}],"collection":[{"href":"https:\/\/fussballtempel24.de\/fussballboerse\/wp-json\/wp\/v2\/pages"}],"about":[{"href":"https:\/\/fussballtempel24.de\/fussballboerse\/wp-json\/wp\/v2\/types\/page"}],"author":[{"embeddable":true,"href":"https:\/\/fussballtempel24.de\/fussballboerse\/wp-json\/wp\/v2\/users\/1"}],"replies":[{"embeddable":true,"href":"https:\/\/fussballtempel24.de\/fussballboerse\/wp-json\/wp\/v2\/comments?post=548"}],"version-history":[{"count":1,"href":"https:\/\/fussballtempel24.de\/fussballboerse\/wp-json\/wp\/v2\/pages\/548\/revisions"}],"predecessor-version":[{"id":820,"href":"https:\/\/fussballtempel24.de\/fussballboerse\/wp-json\/wp\/v2\/pages\/548\/revisions\/820"}],"wp:attachment":[{"href":"https:\/\/fussballtempel24.de\/fussballboerse\/wp-json\/wp\/v2\/media?parent=548"}],"curies":[{"name":"wp","href":"https:\/\/api.w.org\/{rel}","templated":true}]}}